{"id":2632,"date":"2021-10-20T01:38:04","date_gmt":"2021-10-20T01:38:04","guid":{"rendered":"http:\/\/faar.edu.br\/sitenovo\/?page_id=2632"},"modified":"2022-10-05T20:55:43","modified_gmt":"2022-10-05T20:55:43","slug":"revistas-eletronicas-do-iesur-faar","status":"publish","type":"page","link":"https:\/\/www.faar.edu.br\/sitenovo\/revistas-eletronicas-do-iesur-faar\/","title":{"rendered":"Revistas Eletr\u00f4nicas do IESUR-FAAr"},"content":{"rendered":"\t\t<div data-elementor-type=\"wp-page\" data-elementor-id=\"2632\" class=\"elementor elementor-2632\" data-elementor-post-type=\"page\">\n\t\t\t\t\t\t<section class=\"elementor-section elementor-top-section elementor-element elementor-element-6aadd7c7 elementor-section-stretched elementor-section-height-min-height elementor-section-boxed elementor-section-height-default elementor-section-items-middle wpr-particle-no wpr-jarallax-no wpr-parallax-no wpr-sticky-section-no\" data-id=\"6aadd7c7\" data-element_type=\"section\" data-settings=\"{&quot;stretch_section&quot;:&quot;section-stretched&quot;,&quot;background_background&quot;:&quot;video&quot;,&quot;background_video_link&quot;:&quot;https:\\\/\\\/www.youtube.com\\\/watch?v=bkx-4-nv_CY&quot;}\">\n\t\t\t\t\t\t\t\t<div class=\"elementor-background-video-container elementor-hidden-mobile\">\n\t\t\t\t\t\t\t\t\t\t\t\t\t<div class=\"elementor-background-video-embed\"><\/div>\n\t\t\t\t\t\t\t\t\t\t\t\t<\/div>\n\t\t\t\t\t\t\t\t\t<div class=\"elementor-background-overlay\"><\/div>\n\t\t\t\t\t\t\t<div class=\"elementor-container elementor-column-gap-default\">\n\t\t\t\t\t<div class=\"elementor-column elementor-col-100 elementor-top-column elementor-element elementor-element-4272f2e4\" data-id=\"4272f2e4\" data-element_type=\"column\">\n\t\t\t<div class=\"elementor-widget-wrap elementor-element-populated\">\n\t\t\t\t\t\t<div class=\"elementor-element elementor-element-71963e62 elementor-invisible elementor-widget elementor-widget-heading\" data-id=\"71963e62\" data-element_type=\"widget\" data-settings=\"{&quot;_animation&quot;:&quot;fadeIn&quot;}\" data-widget_type=\"heading.default\">\n\t\t\t\t<div class=\"elementor-widget-container\">\n\t\t\t\t\t<h2 class=\"elementor-heading-title elementor-size-default\">Revistas Eletr\u00f4nicas do IESUR\/FAAr <\/h2>\t\t\t\t<\/div>\n\t\t\t\t<\/div>\n\t\t\t\t<div class=\"elementor-element elementor-element-1ed2ad57 elementor-widget-divider--view-line elementor-widget elementor-widget-divider\" data-id=\"1ed2ad57\" data-element_type=\"widget\" data-widget_type=\"divider.default\">\n\t\t\t\t<div class=\"elementor-widget-container\">\n\t\t\t\t\t\t\t<div class=\"elementor-divider\">\n\t\t\t<span class=\"elementor-divider-separator\">\n\t\t\t\t\t\t<\/span>\n\t\t<\/div>\n\t\t\t\t\t\t<\/div>\n\t\t\t\t<\/div>\n\t\t\t\t<div class=\"elementor-element elementor-element-339998f elementor-view-default elementor-invisible elementor-widget elementor-widget-icon\" data-id=\"339998f\" data-element_type=\"widget\" data-settings=\"{&quot;_animation&quot;:&quot;fadeInLeft&quot;}\" data-widget_type=\"icon.default\">\n\t\t\t\t<div class=\"elementor-widget-container\">\n\t\t\t\t\t\t\t<div class=\"elementor-icon-wrapper\">\n\t\t\t<div class=\"elementor-icon\">\n\t\t\t\t\t\t\t<i class=\"fa fa-angle-down\" aria-hidden=\"true\"><\/i>\n\t\t\t\t\t\t<\/div>\n\t\t<\/div>\n\t\t\t\t\t\t<\/div>\n\t\t\t\t<\/div>\n\t\t\t\t\t<\/div>\n\t\t<\/div>\n\t\t\t\t\t<\/div>\n\t\t<\/section>\n\t\t\t\t<section class=\"elementor-section elementor-top-section elementor-element elementor-element-51d73f90 elementor-reverse-tablet elementor-reverse-mobile elementor-section-boxed elementor-section-height-default elementor-section-height-default wpr-particle-no wpr-jarallax-no wpr-parallax-no wpr-sticky-section-no\" data-id=\"51d73f90\" data-element_type=\"section\" data-settings=\"{&quot;background_background&quot;:&quot;gradient&quot;}\">\n\t\t\t\t\t\t<div class=\"elementor-container elementor-column-gap-default\">\n\t\t\t\t\t<div class=\"elementor-column elementor-col-100 elementor-top-column elementor-element elementor-element-356f469\" data-id=\"356f469\" data-element_type=\"column\">\n\t\t\t<div class=\"elementor-widget-wrap elementor-element-populated\">\n\t\t\t\t\t\t<section class=\"elementor-section elementor-inner-section elementor-element elementor-element-641050c7 elementor-section-boxed elementor-section-height-default elementor-section-height-default wpr-particle-no wpr-jarallax-no wpr-parallax-no wpr-sticky-section-no\" data-id=\"641050c7\" data-element_type=\"section\" data-settings=\"{&quot;background_background&quot;:&quot;classic&quot;}\">\n\t\t\t\t\t\t<div class=\"elementor-container elementor-column-gap-default\">\n\t\t\t\t\t<div class=\"elementor-column elementor-col-50 elementor-inner-column elementor-element elementor-element-664c1285\" data-id=\"664c1285\" data-element_type=\"column\" data-settings=\"{&quot;background_background&quot;:&quot;classic&quot;}\">\n\t\t\t<div class=\"elementor-widget-wrap\">\n\t\t\t\t\t\t\t<\/div>\n\t\t<\/div>\n\t\t\t\t<div class=\"elementor-column elementor-col-50 elementor-inner-column elementor-element elementor-element-1d4c4453\" data-id=\"1d4c4453\" data-element_type=\"column\">\n\t\t\t<div class=\"elementor-widget-wrap elementor-element-populated\">\n\t\t\t\t\t\t<div class=\"elementor-element elementor-element-13e6f9ee elementor-widget__width-auto elementor-widget-tablet__width-auto elementor-widget-mobile__width-initial elementor-invisible elementor-widget elementor-widget-heading\" data-id=\"13e6f9ee\" data-element_type=\"widget\" data-settings=\"{&quot;_animation&quot;:&quot;fadeIn&quot;}\" data-widget_type=\"heading.default\">\n\t\t\t\t<div class=\"elementor-widget-container\">\n\t\t\t\t\t<h3 class=\"elementor-heading-title elementor-size-default\"><a href=\"http:\/\/www.faar.edu.br\/portal\/revistas\/ojs\/index.php\/arel-faar\/\">REVISTA CIENT\u00cdFICA AREL - Amazon\u2019s Research and Environmental Law <\/a><\/h3>\t\t\t\t<\/div>\n\t\t\t\t<\/div>\n\t\t\t\t<div class=\"elementor-element elementor-element-963961b elementor-widget-divider--view-line elementor-widget elementor-widget-divider\" data-id=\"963961b\" data-element_type=\"widget\" data-widget_type=\"divider.default\">\n\t\t\t\t<div class=\"elementor-widget-container\">\n\t\t\t\t\t\t\t<div class=\"elementor-divider\">\n\t\t\t<span class=\"elementor-divider-separator\">\n\t\t\t\t\t\t<\/span>\n\t\t<\/div>\n\t\t\t\t\t\t<\/div>\n\t\t\t\t<\/div>\n\t\t\t\t<div class=\"elementor-element elementor-element-dbec46f elementor-widget elementor-widget-spacer\" data-id=\"dbec46f\" data-element_type=\"widget\" data-widget_type=\"spacer.default\">\n\t\t\t\t<div class=\"elementor-widget-container\">\n\t\t\t\t\t\t\t<div class=\"elementor-spacer\">\n\t\t\t<div class=\"elementor-spacer-inner\"><\/div>\n\t\t<\/div>\n\t\t\t\t\t\t<\/div>\n\t\t\t\t<\/div>\n\t\t\t\t<div class=\"elementor-element elementor-element-4bcb61f0 elementor-widget elementor-widget-text-editor\" data-id=\"4bcb61f0\" data-element_type=\"widget\" data-widget_type=\"text-editor.default\">\n\t\t\t\t<div class=\"elementor-widget-container\">\n\t\t\t\t\t\t\t\t\t<p>A Revista \u00e9 de titularidade do Instituto de Ensino Superior de Rond\u00f4nia\/Faculdades Associadas de Ariquemes &#8211; IESUR\/FAAr. Sua miss\u00e3o \u00e9 publicar estudos e pesquisas in\u00e9ditas realizadas na \u00e1rea do Direito, preferencialmente no escopo das linhas editoriais, visando disseminar conhecimento cient\u00edfico jur\u00eddico, estabelecida em dezembro do ano de 2012, ap\u00f3s aprova\u00e7\u00e3o no Conselho Superior do IESUR\/FAAr (CONSUP).<\/p><p>\u00a0<\/p><p>O objetivo da Revista AREL FAAr &#8211; <em>Amazon\u2019s<\/em> <em>Research<\/em> and <em>Environmental<\/em> Law \u00e9 a \u00a0inter-rela\u00e7\u00e3o entre a ci\u00eancia e a pr\u00e1tica jur\u00eddica, em face da forma\u00e7\u00e3o integral dos profissionais da \u00e1rea. Para efetivar o seu objetivo, buscam-se articulistas e\/ou pesquisadores que investiguem as poss\u00edveis formas em que o Direito possa contribuir para a edifica\u00e7\u00e3o da consci\u00eancia social e a forma\u00e7\u00e3o de valores em face das novas rela\u00e7\u00f5es estabelecidas entre a Sociedade e o Estado.<\/p>\t\t\t\t\t\t\t\t<\/div>\n\t\t\t\t<\/div>\n\t\t\t\t\t<\/div>\n\t\t<\/div>\n\t\t\t\t\t<\/div>\n\t\t<\/section>\n\t\t\t\t<section class=\"elementor-section elementor-inner-section elementor-element elementor-element-5fbea93 elementor-section-boxed elementor-section-height-default elementor-section-height-default wpr-particle-no wpr-jarallax-no wpr-parallax-no wpr-sticky-section-no\" data-id=\"5fbea93\" data-element_type=\"section\" data-settings=\"{&quot;background_background&quot;:&quot;classic&quot;}\">\n\t\t\t\t\t\t<div class=\"elementor-container elementor-column-gap-default\">\n\t\t\t\t\t<div class=\"elementor-column elementor-col-50 elementor-inner-column elementor-element elementor-element-7969066\" data-id=\"7969066\" data-element_type=\"column\" data-settings=\"{&quot;background_background&quot;:&quot;classic&quot;}\">\n\t\t\t<div class=\"elementor-widget-wrap\">\n\t\t\t\t\t\t\t<\/div>\n\t\t<\/div>\n\t\t\t\t<div class=\"elementor-column elementor-col-50 elementor-inner-column elementor-element elementor-element-7a91f16\" data-id=\"7a91f16\" data-element_type=\"column\">\n\t\t\t<div class=\"elementor-widget-wrap elementor-element-populated\">\n\t\t\t\t\t\t<div class=\"elementor-element elementor-element-b39d9ce elementor-widget__width-auto elementor-widget-tablet__width-auto elementor-widget-mobile__width-initial elementor-invisible elementor-widget elementor-widget-heading\" data-id=\"b39d9ce\" data-element_type=\"widget\" data-settings=\"{&quot;_animation&quot;:&quot;fadeIn&quot;}\" data-widget_type=\"heading.default\">\n\t\t\t\t<div class=\"elementor-widget-container\">\n\t\t\t\t\t<h3 class=\"elementor-heading-title elementor-size-default\">Revista Cient\u00edfica Olhar Cient\u00edfico<\/h3>\t\t\t\t<\/div>\n\t\t\t\t<\/div>\n\t\t\t\t<div class=\"elementor-element elementor-element-cec489a elementor-widget-divider--view-line elementor-widget elementor-widget-divider\" data-id=\"cec489a\" data-element_type=\"widget\" data-widget_type=\"divider.default\">\n\t\t\t\t<div class=\"elementor-widget-container\">\n\t\t\t\t\t\t\t<div class=\"elementor-divider\">\n\t\t\t<span class=\"elementor-divider-separator\">\n\t\t\t\t\t\t<\/span>\n\t\t<\/div>\n\t\t\t\t\t\t<\/div>\n\t\t\t\t<\/div>\n\t\t\t\t<div class=\"elementor-element elementor-element-81e0cf5 elementor-widget elementor-widget-spacer\" data-id=\"81e0cf5\" data-element_type=\"widget\" data-widget_type=\"spacer.default\">\n\t\t\t\t<div class=\"elementor-widget-container\">\n\t\t\t\t\t\t\t<div class=\"elementor-spacer\">\n\t\t\t<div class=\"elementor-spacer-inner\"><\/div>\n\t\t<\/div>\n\t\t\t\t\t\t<\/div>\n\t\t\t\t<\/div>\n\t\t\t\t<div class=\"elementor-element elementor-element-5c36cf5 elementor-widget elementor-widget-text-editor\" data-id=\"5c36cf5\" data-element_type=\"widget\" data-widget_type=\"text-editor.default\">\n\t\t\t\t<div class=\"elementor-widget-container\">\n\t\t\t\t\t\t\t\t\t<p>Olhar Cient\u00edfico \u00e9 uma revista cient\u00edfica do Instituto de Ensino Superior de Rond\u00f4nia\/ Faculdades Associadas de Ariquemes, de publica\u00e7\u00e3o peri\u00f3dica destinada a promover o progresso da ci\u00eancia em uma perspectiva multidisciplinar, n\u00e3o s\u00f3 para a comunidade FAAr (docentes e discentes), mas tamb\u00e9m a todos os demais interessados em promover a divulga\u00e7\u00e3o do conhecimento cient\u00edfico. O objetivo \u00e9 divulgar trabalhos originais, voltados para as \u00e1reas de conhecimento do \u00e2mbito da Administra\u00e7\u00e3o Geral, Direito, Psicologia, , Farm\u00e1cia, Enfermagem, Inform\u00e1tica e \u00e1reas afins.<\/p>\t\t\t\t\t\t\t\t<\/div>\n\t\t\t\t<\/div>\n\t\t\t\t\t<\/div>\n\t\t<\/div>\n\t\t\t\t\t<\/div>\n\t\t<\/section>\n\t\t\t\t\t<\/div>\n\t\t<\/div>\n\t\t\t\t\t<\/div>\n\t\t<\/section>\n\t\t\t\t<\/div>\n\t\t","protected":false},"excerpt":{"rendered":"<p>Revistas Eletr\u00f4nicas do IESUR\/FAAr REVISTA CIENT\u00cdFICA AREL &#8211; Amazon\u2019s Research and Environmental Law A Revista \u00e9 de titularidade do Instituto de Ensino Superior de Rond\u00f4nia\/Faculdades Associadas de Ariquemes &#8211; IESUR\/FAAr. Sua miss\u00e3o \u00e9 publicar estudos e pesquisas in\u00e9ditas realizadas na \u00e1rea do Direito, preferencialmente no escopo das linhas editoriais, visando disseminar conhecimento cient\u00edfico jur\u00eddico, estabelecida em dezembro do ano de 2012, ap\u00f3s aprova\u00e7\u00e3o no Conselho Superior do IESUR\/FAAr (CONSUP). \u00a0 O objetivo da Revista AREL FAAr &#8211; Amazon\u2019s Research and Environmental Law \u00e9 a \u00a0inter-rela\u00e7\u00e3o entre a ci\u00eancia e a pr\u00e1tica jur\u00eddica, em face da forma\u00e7\u00e3o integral dos profissionais da \u00e1rea. Para efetivar o seu objetivo, buscam-se articulistas e\/ou pesquisadores que investiguem as poss\u00edveis formas em que o Direito possa contribuir para a edifica\u00e7\u00e3o da consci\u00eancia social e a forma\u00e7\u00e3o de valores em face das novas rela\u00e7\u00f5es estabelecidas entre a Sociedade e o Estado. Revista Cient\u00edfica Olhar Cient\u00edfico Olhar Cient\u00edfico \u00e9 uma revista cient\u00edfica do Instituto de Ensino Superior de Rond\u00f4nia\/ Faculdades Associadas de Ariquemes, de publica\u00e7\u00e3o peri\u00f3dica destinada a promover o progresso da ci\u00eancia em uma perspectiva multidisciplinar, n\u00e3o s\u00f3 para a comunidade FAAr (docentes e discentes), mas tamb\u00e9m a todos os demais interessados em promover a divulga\u00e7\u00e3o do conhecimento cient\u00edfico. O objetivo \u00e9 divulgar trabalhos originais, voltados para as \u00e1reas de conhecimento do \u00e2mbito da Administra\u00e7\u00e3o Geral, Direito, Psicologia, , Farm\u00e1cia, Enfermagem, Inform\u00e1tica e \u00e1reas afins.<\/p>\n","protected":false},"author":1,"featured_media":0,"parent":0,"menu_order":0,"comment_status":"closed","ping_status":"closed","template":"elementor_header_footer","meta":{"_acf_changed":false,"_uag_custom_page_level_css":"","footnotes":""},"class_list":["post-2632","page","type-page","status-publish","hentry"],"acf":[],"uagb_featured_image_src":{"full":false,"thumbnail":false,"medium":false,"medium_large":false,"large":false,"1536x1536":false,"2048x2048":false},"uagb_author_info":{"display_name":"admin","author_link":"https:\/\/www.faar.edu.br\/sitenovo\/author\/admin\/"},"uagb_comment_info":0,"uagb_excerpt":"Revistas Eletr\u00f4nicas do IESUR\/FAAr REVISTA CIENT\u00cdFICA AREL &#8211; Amazon\u2019s Research and Environmental Law A Revista \u00e9 de titularidade do Instituto de Ensino Superior de Rond\u00f4nia\/Faculdades Associadas de Ariquemes &#8211; IESUR\/FAAr. Sua miss\u00e3o \u00e9 publicar estudos e pesquisas in\u00e9ditas realizadas na \u00e1rea do Direito, preferencialmente no escopo das linhas editoriais, visando disseminar conhecimento cient\u00edfico jur\u00eddico, estabelecida&hellip;","_links":{"self":[{"href":"https:\/\/www.faar.edu.br\/sitenovo\/wp-json\/wp\/v2\/pages\/2632","targetHints":{"allow":["GET"]}}],"collection":[{"href":"https:\/\/www.faar.edu.br\/sitenovo\/wp-json\/wp\/v2\/pages"}],"about":[{"href":"https:\/\/www.faar.edu.br\/sitenovo\/wp-json\/wp\/v2\/types\/page"}],"author":[{"embeddable":true,"href":"https:\/\/www.faar.edu.br\/sitenovo\/wp-json\/wp\/v2\/users\/1"}],"replies":[{"embeddable":true,"href":"https:\/\/www.faar.edu.br\/sitenovo\/wp-json\/wp\/v2\/comments?post=2632"}],"version-history":[{"count":25,"href":"https:\/\/www.faar.edu.br\/sitenovo\/wp-json\/wp\/v2\/pages\/2632\/revisions"}],"predecessor-version":[{"id":3843,"href":"https:\/\/www.faar.edu.br\/sitenovo\/wp-json\/wp\/v2\/pages\/2632\/revisions\/3843"}],"wp:attachment":[{"href":"https:\/\/www.faar.edu.br\/sitenovo\/wp-json\/wp\/v2\/media?parent=2632"}],"curies":[{"name":"wp","href":"https:\/\/api.w.org\/{rel}","templated":true}]}}